 n(s). Calculate d(3).
14
Let y(a) = -17484*a**2 + 17483*a**2 + 8 - 5*a + 1 + 11*a. Suppose -j - 2*q + 30 = 3*j, j + q - 7 = 0. Give y(j).
-7
Let b(p) = 361418*p - 361413*p - 11 - 19. Determine b(7).
5
Let p be 352/60 - 6/(-45). Let m(x) = -2*x**3 + 7*x**2 - 2*x + 1 + x**3 + 3. Determine m(p).
28
Let u be -1 + -6 - 44/(-4). Suppose h + 1 = -4*j - 9, -3*j = 5*h + 33. Let s(w) = 10*w + 2. Let x(q) = -11*q - 2. Let a(z) = h*s(z) - 5*x(z). Determine a(u).
-22
Let m(k) be the second derivative of k**4/12 + k**3/3 - 7*k**2 - 1609*k. Give m(5).
21
Let b(w) = -w**3 + 0*w**3 + 97882135*w**2 - 5*w - 11 - 97882143*w**2. What is b(-5)?
-61
Let w be -1 - (1 - (-14)/1). Let q(o) = 118*o - 371. Let d be q(3). Let z = w - d. Let r(t) = t**3 - t + 1. Determine r(z).
1
Let s be -21 + (-3 - -3) + 3. Let f = 20 + s. Let j(l) be the second derivative of -l**4/12 + l**3/3 - l**2 - 29*l. Give j(f).
-2
Let w(t) = t**3 + 4*t**2 - 6*t + 1. Let x be -1 - 1 - 11/(44/504). Let l = -86 - x. Let m be l/(-9) + (-7)/21. Determine w(m).
6
Let k(z) be the first derivative of 1/3*z**3 - 5/2*z**2 - 130 - 9*z. Determine k(6).
-3
Let f(k) be the first derivative of k**5/60 - k**4/8 + k**3/6 + 3*k**2/2 + 8. Let x(m) be the second derivative of f(m). What is x(-3)?
19
Let f(g) = 1 + g**2 - 1750*g + 1748*g - 2 + 3 + 3. Let i(s) = -s**3 + 8*s**2 - 9*s + 4. Let u be i(7). Let t be 5/u + (-18)/(-4). Give f(t).
13
Let z(m) = 13*m**2 + 33*m + 34. Let y be ((130/30)/(-13))/(1/(-27)). Let c(o) = 3*o**2 + 8*o + 8. Let s(l) = y*c(l) - 2*z(l). What is s(-3)?
-5
Let t(j) = -j + 19. Let w be -5 - (5 + (-155)/5) - 5. Suppose g = -w*g. What is t(g)?
19
Suppose -4*k + 4*c - 23 = 5*c, k + c = -5. Let q be 3/k - 1/2. Let j be 2*(5 + -2) + q. Let r(o) = -2*o - 7. Give r(j).
-17
Let f be (-8)/3 - (-4088)/876. Let h(k) = 4*k**3 + 3*k**2 - 5*k + 4. What is h(f)?
38
Let k(x) = x**2 + 22*x + 17. Let t be k(-23). Let w(j) = -t*j - 37*j + 73*j + 5 + j**2. Calculate w(4).
5
Let t(f) = 1 - 3*f**2 + 3 + 4*f + 13*f**2 - 7*f**2 - 4*f**2. Suppose 0 = -3*c - c + 16. Give t(c).
4
Let d(f) = f**3 + 2*f**2 + f + 2. Suppose c = -0*c + u, -4*c - 10 = u. Give d(c).
0
Let g(r) = 2*r**3 - 4*r**2 - 10*r + 10. Suppose 0 = -2*o - 2*d + 12, 3*o + 6 = 5*o - d. Determine g(o).
34
Suppose 0 = 1139*t - 1148*t + 18. Let d(o) be the third derivative of o**4/4 - o**3/3 + 10*o**2. Determine d(t).
10
Let n(t) = -3*t**3 - 2*t**2 + t + 2. Suppose -9*r + 4*r = -10. Suppose 1 = r*f - 4*i - 3, -8 = -4*f + i. Suppose -5*m - 4*o = f - 4, o = -m + 1. What is n(m)?
16
Let u(l) be the first derivative of -l**4/4 - 8*l**3/3 - 5*l**2 + 8*l - 2771. Give u(-6).
-4
Let r(q) = q**2 + 3*q + 6. Suppose 707 - 17 = 5*h. Let l = 133 - h. What is r(l)?
16
Let n(r) = 20*r**2 + 4*r + 3. Let t = 2946 - 2947. What is n(t)?
19
Let d(l) = 122*l**3 + 35*l**2 - l + 93. Let y(u) = 171*u**3 + 53*u**2 - u + 139. Let m(j) = 7*d(j) - 5*y(j). Determine m(-20).
-4
Let v(k) = -k**3 + 4*k**2 - 2*k + 8. Let y be v(5). Let o be 898/18 + (-3)/y. Let q = o + -52. Let g(x) = -5*x**2 - 2*x - 3. Give g(q).
-19
Let h(t) = -t**3 - 10*t**2 + 13*t + 15. Suppose 6*d = 10*d + 4*b + 36, 0 = -d + b - 13. Determine h(d).
-7
Let h = 7384 + -7382. Let o(t) be the first derivative of -1/3*t**3 + 1/2*t**h + 10*t - 1/4*t**4 + 24. Determine o(0).
10
Let d(k) = 542*k - 3785. Let f be d(7). Let m(a) = -2*a**2 + 18*a + 12. Calculate m(f).
12
Let h(r) = 3*r**2 + 24*r + 2. Let n be (12/10)/((-15)/100 - 0). Let b be h(n). Let g(s) = 14*s**2 - b*s + 18*s**2 + 0 - s**3 + 1 - 25*s**2. What is g(7)?
-13
Let l(j) = -3*j**2 + 92*j + 142. Let k be l(32). Let q(u) = u**2 - 15*u + 14. Give q(k).
0
Let n(m) be the third derivative of -208*m**2 - 2*m - 1/6*m**3 + 0 + 1/24*m**4. Determine n(-5).
-6
Let q(b) be the third derivative of 13*b**5/20 - b**4/8 - b**3/6 + 810*b**2. What is q(-1)?
41
Let a(v) = -5632*v + 2824*v + 7 + 2816*v. Calculate a(-5).
-33
Let a(h) be the first derivative of 6*h**2 + 1/3*h**3 + 3*h - 219. Suppose 0 = -4*l - 7*q + 4*q - 39, 2*l = 4*q - 36. Calculate a(l).
3
Let p(n) = 29*n. Let g(r) = r**2 + 112*r + 13. Let m(b) = -g(b) + 4*p(b). What is m(6)?
-25
Let h(k) = k**3 + 16. Let v be h(0). Suppose 5*u - u - 2*w - v = 0, w = -2*u. Suppose x = u - 3. Let p(c) = 4*c + 1. Give p(x).
-3
Let i(o) be the third derivative of -11/24*o**4 + 0 + 1/6*o**3 + o**2 + 71*o. Suppose -5 = -q - v - v, 5*q - 1 = -2*v. What is i(q)?
12
Suppose -d - 4*y = 25, -2*d = -0*y + 2*y + 2. Let b(c) = -c**2 - 19*c + 188. Calculate b(d).
6
Let f(m) be the second derivative of -m**6/120 + m**5/30 + m**4/6 - m**3/6 - 79*m**2/2 - 10*m. Let k(s) be the first derivative of f(s). Determine k(3).
2
Let k(t) = -4*t**3 - 10*t**2 + 8*t + 13. Let o(s) = 5*s**3 + 10*s**2 - 7*s - 15. Let z(p) = 6*k(p) + 5*o(p). Determine z(2).
-3
Suppose 0 = 4*k + 288 - 304. Let g(i) = 3*i - 7*i + 15*i + 1 - k*i - 8*i. What is g(4)?
-3
Let c(i) = -i**2 - 51*i - 632. Suppose -2*h = 4*t + 62, -4*h - 75*t - 121 = -70*t. What is c(h)?
6
Let d(g) = g**2 + g. Suppose 4*p = 2*c, c - 7 = 3*c + 3*p. Let o be d(c). Let u(x) = -2*x**3 + 4*x**2 - x. Let w be u(o). Let h(a) = 4*a + 2. Determine h(w).
-6
Let q(t) = 3*t**2 - 21*t + 12. Let a(u) = -2*u**2 + 14*u - 8. Let k(w) = 10*w - 143. Let b be k(15). Let h(m) = b*a(m) + 5*q(m). Determine h(5).
-6
Suppose -2*k = -4*h - 16, 4*h = 5*k - 8*k + 14. Let b(w) = -3*w**2 + 13*w + k*w**2 + 3*w**2 + 12 + w**3 + 7*w**2. Calculate b(-12).
0
Let a(u) = -u**3 - 8*u**2 + 2. Suppose -5*q - 5*l = 30, 2*q - 6*q = -4*l. Let w = q + -3. Let n(t) = 4*t + 16. Let b be n(w). Calculate a(b).
2
Suppose 0 = 3*n + 2*l, 0 = 4*n + 7*l - 2*l - 7. Let y be -7*19/((-133)/n). Let r(m) = -5*m**2 - m + 3. What is r(y)?
-15
Let q(t) = -5*t - 47. Let k be q(-10). Let o(f) = 2*f - 2 - 1 + 0 - k*f. Give o(-4).
1
Let f(k) = 6*k**3 - 25*k**2 + 11*k + 56. Let u(l) = -7*l**3 + 26*l**2 - 10*l - 55. Let v(j) = -6*f(j) - 5*u(j). Determine v(19).
-4
Let q(x) = 2*x + 7. Let a(m) be the first derivative of -m**3/3 - 7*m**2 - 34*m + 41. Let o be a(-10). Give q(o).
19
Let h(o) be the second derivative of -7*o**4/12 + o**2 - 148*o - 1. Let c = 21 - 23. Calculate h(c).
-26
Let y(c) = 5*c - 11 + 15 - 7 - 48 + 15*c. Determine y(3).
9
Let n(f) = 2*f + 157 - 183*f**3 - 161 - 5*f**2 + 184*f**3. Let l(d) = d**2 + 5*d - 1. Let x be l(-6). What is n(x)?
6
Suppose 3*p - 33 = -m - 60, 0 = 4*p + 36. Let f(b) = -4 + b**2 - b**3 - 4 - 5. Give f(m).
-13
Let f(j) = -17*j**3 + j**2 + j. Suppose -13*y - 5 = -8*y. Let u be (-3*4/24)/(y/4). Suppose u = -3*z + z. Give f(z).
17
Let u(z) be the second derivative of -7*z**5/120 + 7*z**4/24 + 68*z**3/3 + 326*z. Let l(d) be the second derivative of u(d). Give l(3).
-14
Let w(z) = -1521*z + 1523*z - 3 - z**2 + 0. Suppose 20*m - 19*m = 2. Determine w(m).
-3
Let j(x) = 3*x + 45. Let o(b) = 8 + 3 - 21 + 5 + 7. Let p(a) = -j(a) + 18*o(a). What is p(-5)?
6
Suppose 668 = 27*p + 20. Let d(f) = 3*f**2 + 166 + p*f**3 - 167 - f**2. Give d(1).
25
Let y(g) = -2*g - 14. Suppose -5*d = -2*z - 29, z = d - 12 - 1. What is y(z)?
10
Let h(w) = w**2 + 2*w - 21. Let k(f) = 7*f**3 - 131*f**2 - 41*f + 60. Let o be k(19). What is h(o)?
-6
Let o(a) = -a**3 - 575 + 5424*a**2 - 11*a + 602 - 5440*a**2. Determine o(-15).
-33
Let v be -3*3/9 - 0/2. Let h(c) = -11*c**2 - 8*c + 7. Let x(r) = -2*r**2 - r + 2. Let t(q) = v*h(q) + 6*x(q). What is t(4)?
-3
Let c(u) = 15*u + 16. Let w = 8816 - 8824. Calculate c(w).
-104
Let r(z) be the first derivative of -z**4/4 + 2*z**3/3 - 8*z**2 - 41*z - 5471. Determine r(-2).
7
Let t(j) = -j**2 + j - 29. Let g(a) = -a + 6. Let p(l) = 2*g(l) + t(l). What is p(-9)?
-89
Let p(b) = -b**2 + 6. Let j be (5 - (-38)/(-6))/(2/(-9)). Let t(g) = 20 + 7 - 3 + 12*g - j*g. Let v be t(-4). Give p(v).
6
Suppose 4*b - 10*a + 7 - 15 = 0, -36 = 5*b - a. Let r(c) = -6*c - 61. Determine r(b).
-13
Let v(g) = -g**3 + 22*g**2 - 5*g + 1. Let f(z) = z**3 - 19*z**2 + 6*z - 1. Let x(r) = -5*f(r) - 4*v(r). Determine x(6).
-23
Let k(r) = r**2 - 1988*r + 3 + 5956*r - 1991*r - 1988*r + 0*r**2. Let l = 11 - 4. Determine k(l).
-25
Let b(r) be the third derivative of r**5/60 - 7*r**4/24 - 3*r**3/2 - r**2 + 71. What is b(7)?
-9
Suppose 1346*a + 518 = 1272*a. Let d(p) = -p**3 - 4*p**2 + 20*p - 2. Determine d(a).
5
Suppose 4*n + 2*b = 54, 4*b - 18 = n - 45. Let c(s) = -